ighest common divisor of k and h?
1
Let u(n) = -5*n + 63. Let b be u(14). Let g be b - -4 - (-16 - -2)*1. Calculate the highest common factor of g and 44.
11
Suppose 627 = 40*i - 3693. What is the highest common factor of 1068 and i?
12
Suppose -q + 5*n + 0*n - 195 = 0, 1056 = -5*q - 2*n. Let p be (-14)/8 - (-129710)/(-952). Let m = p - q. What is the greatest common divisor of 36 and m?
36
Let x be -5 + (-162)/6 - -2*1. Let b be 51/((99/x)/(-11)). What is the greatest common factor of 34 and b?
34
Let w(p) = -7*p**3 - 555*p**2 - 192*p - 173. Let t be w(-79). What is the highest common divisor of t and 133?
7
Let q be 5 + 1*0/3. Suppose 6*r - 7 = q*r. What is the greatest common divisor of r and 217?
7
Let z = -2304 + 3227. Suppose 22*a - z = 9*a. Let b = -44 + a. What is the greatest common divisor of b and 189?
27
Suppose 117*q + 4060 = 4*l + 121*q, 1021 = l + 3*q. Calculate the highest common factor of 276 and l.
92
Let i = 1 + 1. Suppose 112 = -226*t + 233*t. Let g be ((-7)/(7/t))/(-2). Calculate the greatest common divisor of i and g.
2
Suppose 666 = z - 3*h + 147, -1479 = -3*z - 4*h. What is the highest common factor of 27 and z?
3
Let p be 8 - 2988/(-228) - 4/38. What is the greatest common divisor of p and 784?
7
Let w = -21572 - -24479. Calculate the greatest common divisor of w and 2736.
171
Let v be (-3138111)/(-2155) + 28/10 + -1*2. Calculate the highest common divisor of 94 and v.
47
Suppose 5*p = -2*k + 190, -5*p + 37 + 158 = 3*k. Let z be 378/24*56/(-35)*-10. Calculate the highest common divisor of p and z.
36
Let k = 12334 - 12174. What is the greatest common factor of k and 3460?
20
Let t be (0/((0 - -3) + -4))/(-2). Suppose t = -11*c + 41*c - 630. Calculate the greatest common divisor of c and 189.
21
Suppose 712*o - 704*o = 144 - 0. What is the highest common divisor of o and 576?
18
Suppose 20*a - 22*a + 176 = -4*n, 4*n + a + 176 = 0. Let x = n + 92. Calculate the greatest common divisor of 80 and x.
16
Let g be 364 + (84/36)/(2/(-6)). What is the greatest common divisor of g and 231?
21
Suppose -1782832 + 323888 = -328*w. Calculate the highest common divisor of 224 and w.
32
Let d(h) = 36 + 20*h**2 + 12*h**2 + 0*h**3 - 4*h**3 + 4*h**3 + 144*h + h**3. Let q be d(-26). Calculate the highest common factor of q and 12.
12
Let k(v) = 45*v**3 - v**2 - v - 1. Let r be k(-1). Let s = r + 136. Let c be 2/6 - 428/(-12). Calculate the greatest common divisor of c and s.
18
Let g be (1 + 9/1)/(50 + -49). Suppose -g = -4*c + 2. Suppose -2*x = c*n - 124, -x = 2*x - 5*n - 148. Calculate the greatest common factor of 14 and x.
14
Let k(l) = -l**2 + 134*l + 2292. Let a be k(148). What is the highest common factor of a and 275?
55
Suppose -1795 - 338 = -3*m. Let j = 6666 + -6587. What is the highest common divisor of m and j?
79
Let v = -2356 - -2386. Calculate the greatest common factor of v and 447.
3
Let r be (3 - (-1 - 0) - 0)*-2. Let a = r - -13. Suppose -s + 96 + 34 = a*v, 2*s = -2*v + 52. Calculate the greatest common factor of 104 and v.
26
Let x be (-1295)/(-6) - 41/(-246). Suppose 0 = j - 3*h - 59, -4*h - 67 = -j + h. Let y = j + -20. Calculate the highest common factor of y and x.
27
Let z = -58 - -112. Let i be (4/(-18))/(-1) - (-96)/z. Let f be ((-38)/(-5) - 2) + i/5. Calculate the greatest common factor of f and 18.
6
Let i(r) = -9*r**2 - 46*r + 31. Let n be i(-5). Suppose -2*a = -2 - 2. Suppose -a*z = -199 - 53. Calculate the greatest common factor of z and n.
18
Let h(n) = n**3 + 2*n**2 - 2*n. Let m be h(-2). Suppose 5*q - 68 = -4*o + 107, 0 = -m*q + o + 119. Calculate the highest common divisor of q and 31.
31
Let i(p) = -p**3 + 12*p**2 + 3*p - 7. Let k be i(5). Let m = k + -289. Let l = -43 - m. Calculate the highest common divisor of 21 and l.
21
Let w = -259 - -266. Suppose 105 = w*t + 84. Calculate the greatest common factor of t and 7.
1
Let p be (-432)/(-1728) - (-6635)/4. Calculate the highest common divisor of p and 474.
237
Let q = -34 - -46. Suppose 741 + 87 = q*z. What is the greatest common factor of z and 23?
23
Let u = 6905 - 6718. Calculate the highest common divisor of 289 and u.
17
Let r = 497 - 537. Let g = 310 - r. What is the highest common factor of g and 150?
50
Let d be (360/14)/((-9)/42*(-34)/51). What is the greatest common factor of 160 and d?
20
Suppose -21*p + 1249 = 178. Suppose 0 = -p*w + 53*w + 6. Let y be -26*w/(-12)*(2 - 8). What is the highest common factor of y and 6?
3
Let x = -69 + 134. Let l = 1 - -52. Let r = x - l. Calculate the highest common divisor of 16 and r.
4
Let j = -2493 - -2515. What is the greatest common factor of 10 and j?
2
Suppose 70 = u + 2*c, 105 = 3*u + 5*c - 98. What is the highest common factor of u and 216?
8
Suppose 0 = 2*o - 5*n - 26, 0*n = -2*o + 2*n + 14. Let w be 5*o/(-2)*64/(-12). What is the highest common divisor of w and 80?
40
Let u be 6540/75 - 2/10. Let h = u - -63. Suppose h - 54 = 4*z. What is the greatest common divisor of z and 40?
8
Let n = -4431 - -6381. What is the greatest common factor of n and 100?
50
Let m(h) = 19*h - 105. Let f be m(14). What is the highest common divisor of 14 and f?
7
Suppose 32*b - 35*b - 405 = 0. Let o = b - -141. Calculate the greatest common factor of o and 150.
6
Suppose 5*l + 18 = -5*f - 127, 2*l + 49 = f. Let v be (-4)/l + (-152)/(-26). Suppose 38*s - 315 = 17*s. What is the greatest common factor of s and v?
3
Suppose 0 = 6*d - 1134 + 42. Suppose 7*r + d - 812 = 0. Calculate the greatest common divisor of r and 2.
2
Let v be (-1569 - -1)*(-11 + (-170)/(-17)). What is the highest common divisor of 304 and v?
16
Let c(g) = g**2 + 34*g + 217. Let x(f) = -f - 52. Let d be x(-44). Let v be c(d). Suppose -2*o - 2*o + 36 = 0. What is the greatest common divisor of v and o?
9
Let g(q) = q**3 - 33*q**2 - 72*q + 70. Let w be g(35). Suppose w = -102*d + 134*d - 352. Calculate the greatest common divisor of d and 704.
11
Let f = 164 - 137. Let t be (-4210)/(-35) + f/(-21) + 1. Calculate the highest common divisor of 15 and t.
15
Suppose -7*o + 8 = -6*o. Suppose 0*t - 2*t = -o. Suppose 0 = 4*g - v - t, -3*v + 2 = 2*g - 6*v. Calculate the highest common factor of g and 1.
1
Suppose 199362 = 238*d + 60*d. Calculate the highest common factor of 9143 and d.
223
Suppose 3*h = -2*l + 718, -h + 3*h + 3*l = 467. Calculate the highest common divisor of h and 3233.
61
Let t = 11732 - 11728. Calculate the highest common factor of 3380 and t.
4
Let m(n) = -n**2 + 10*n + 31. Let d be m(12). Let r be (-1)/(-7) - (-6)/d. Suppose 3*a - 18 - 3 = 0. What is the greatest common factor of r and a?
1
Let f be (-4)/10*(-95 + 5)/9. Suppose 5*a - m = 3*m + 136, f*m - 8 = -a. What is the highest common factor of a and 156?
12
Let u = 25100 - 24820. What is the highest common divisor of 5080 and u?
40
Let a(b) be the second derivative of b**5/5 - 37*b**4/12 + 3*b**3/2 + 5*b**2/2 + 5*b + 28. Let k be a(9). Calculate the greatest common divisor of 16 and k.
1
Let t = 66 + -32. Let p = -1676 + 2254. What is the greatest common divisor of p and t?
34
Suppose 0 = -11*r - 18*r + 667. Suppose -p + 92 = -0*p. What is the highest common factor of p and r?
23
Let w = 40258 + -6208. Calculate the highest common divisor of w and 50.
50
Let s = -835 - -843. What is the highest common divisor of s and 162?
2
Let y be -44 - -41 - (6 - (-4119)/(-3)). Calculate the greatest common factor of y and 9207.
341
Suppose 197 = -2*w - 3*u, -3*w + 65 = -4*u + 369. Let m = 71 - w. What is the highest common divisor of m and 19?
19
Let g be ((-30)/55 - 108/165) + 112/10. Suppose -10*s - 4*s = -630. Calculate the highest common factor of g and s.
5
Suppose -7*g = -4*g - 108. Let k = -456 - -546. Calculate the highest common factor of g and k.
18
Let r = -38 + 45. Let n be (-246)/4*(r/3 + -5). Calculate the greatest common divisor of n and 41.
41
Let t(j) = 226*j**3 - 2*j**2 - j - 2. Let d be t(-1). Let h = d - -244. Calculate the greatest common factor of 240 and h.
15
Suppose 0 = -5*w - 4*i + 2018, -10*w + 5*w + 3*i = -2039. Suppose -3*o = -y - 391, 3*o - w = -0*o - 2*y. What is the highest common divisor of o and 12?
12
Suppose 0*h + 2*h = 8. Suppose 3*y = -2*j - 4, 7*y = 4*j + h*y + 8. Let m(s) = -9*s - 9. Let d be m(j). Calculate the highest common divisor of 3 and d.
3
L